{"id":4145,"date":"2023-12-12T21:51:05","date_gmt":"2023-12-12T20:51:05","guid":{"rendered":"https:\/\/frecon.com.ar\/web\/?page_id=4145"},"modified":"2024-01-02T14:45:48","modified_gmt":"2024-01-02T13:45:48","slug":"evaporador-de-bateas-horizontales-2-2","status":"publish","type":"page","link":"https:\/\/frecon.com.ar\/index.php\/evaporador-de-bateas-horizontales-2-2\/","title":{"rendered":"Evaporador &#8211; Laterales Simple Ca\u00f1o 3\/8&#8243;"},"content":{"rendered":"<div class=\"wpb-content-wrapper\"><p>[vc_row css_animation=\u00bbnone\u00bb][vc_column css_animation=\u00bbbounceInLeft\u00bb][vc_column_text]<\/p>\n<h3 style=\"text-align: center;\">Evaporador &#8211; Laterales Blindados (Ca\u00f1o 5\/8 &#8211; heladeras carniceras y minic\u00e1maras)<\/h3>\n<p>[\/vc_column_text][vc_empty_space height=\u00bb50px\u00bb][\/vc_column][\/vc_row][vc_row css_animation=\u00bbnone\u00bb][vc_column css_animation=\u00bbbounceInLeft\u00bb width=\u00bb7\/12&#8243;][vc_single_image image=\u00bb4122&#8243; img_size=\u00bbfull\u00bb onclick=\u00bblink_image\u00bb][\/vc_column][vc_column css_animation=\u00bbbounceInRight\u00bb width=\u00bb1\/3&#8243;][vc_images_carousel images=\u00bb4140,4141,4142&#8243; img_size=\u00bb400&#215;300&#8243; speed=\u00bb3000&#8243; autoplay=\u00bbyes\u00bb wrap=\u00bbyes\u00bb css_animation=\u00bbnone\u00bb][\/vc_column][\/vc_row][vc_row css=\u00bb.vc_custom_1702467712030{margin-top: 0px !important;margin-bottom: 0px !important;padding-top: 30px !important;padding-bottom: 15px !important;background-color: #efefef !important;background-position: 0 0 !important;background-repeat: repeat !important;}\u00bb][vc_column][vc_single_image image=\u00bb4148&#8243; img_size=\u00bblarge\u00bb alignment=\u00bbcenter\u00bb style=\u00bbvc_box_shadow_3d\u00bb css_animation=\u00bbflipInX\u00bb][\/vc_column][\/vc_row][vc_row][vc_column][vc_empty_space height=\u00bb50px\u00bb]<div class=\"mf-section-title text-center dark large-size \"><h2 style= \"font-weight:0;\">Caracteristicas<\/h2><\/div>[vc_empty_space height=\u00bb50px\u00bb][vc_column_text]<\/p>\n<ul>\n<li class=\"info\">Elevado coeficiente de transferencia t\u00e9rmica por la utilizaci\u00f3n de aletas de aluminio corrugadas sim\u00e9tricamente.<\/li>\n<li class=\"info\">Gran superficie de contacto entre aletas y tubos de cobre.<\/li>\n<li class=\"info\">Tubos de cobre expandidos mec\u00e1nicamente.<\/li>\n<li class=\"info\">Cabezales de aluminio o de acero zincado a elecci\u00f3n.<\/li>\n<li class=\"info\">Caja encauzadora de aire en aluminio o acero inoxidable.<\/li>\n<li class=\"info\">Equipo desengrasado internamente, seco y presurizado con nitr\u00f3geno a una presi\u00f3n de 20 Kg.\/cm2.<\/li>\n<li class=\"info\">Separaci\u00f3n de aletas de 8 mm..<\/li>\n<li class=\"info\">Equipos con ca\u00f1os a la vista, o forrados.<\/li>\n<li class=\"info\">Medidas especiales y potencias mayores a pedido.<\/li>\n<li class=\"info\">La empresa se reserva el derecho de modificar las caracter\u00edsticas de los equipos sin previo aviso.<\/li>\n<\/ul>\n<p>[\/vc_column_text][\/vc_column][\/vc_row]<\/p>\n<\/div>","protected":false},"excerpt":{"rendered":"<p>[vc_row css_animation=\u00bbnone\u00bb][vc_column css_animation=\u00bbbounceInLeft\u00bb][vc_column_text] Evaporador &#8211; Laterales Blindados (Ca\u00f1o 5\/8 &#8211; heladeras carniceras y minic\u00e1maras) [\/vc_column_text][vc_empty_space height=\u00bb50px\u00bb][\/vc_column][\/vc_row][vc_row css_animation=\u00bbnone\u00bb][vc_column css_animation=\u00bbbounceInLeft\u00bb width=\u00bb7\/12&#8243;][vc_single_image image=\u00bb4122&#8243; img_size=\u00bbfull\u00bb onclick=\u00bblink_image\u00bb][\/vc_column][vc_column css_animation=\u00bbbounceInRight\u00bb width=\u00bb1\/3&#8243;][vc_images_carousel images=\u00bb4140,4141,4142&#8243; img_size=\u00bb400&#215;300&#8243; speed=\u00bb3000&#8243; autoplay=\u00bbyes\u00bb wrap=\u00bbyes\u00bb css_animation=\u00bbnone\u00bb][\/vc_column][\/vc_row][vc_row css=\u00bb.vc_custom_1702467712030{margin-top: 0px !important;margin-bottom: 0px !important;padding-top: 30px !important;padding-bottom: 15px !important;background-color: #efefef !important;background-position: 0 0 !important;background-repeat: repeat !important;}\u00bb][vc_column][vc_single_image image=\u00bb4148&#8243; img_size=\u00bblarge\u00bb alignment=\u00bbcenter\u00bb style=\u00bbvc_box_shadow_3d\u00bb css_animation=\u00bbflipInX\u00bb][\/vc_column][\/vc_row][vc_row][vc_column][vc_empty_space height=\u00bb50px\u00bb][vc_empty_space height=\u00bb50px\u00bb][vc_column_text] Elevado coeficiente [&hellip;]<\/p>\n","protected":false},"author":1,"featured_media":3953,"parent":0,"menu_order":0,"comment_status":"closed","ping_status":"closed","template":"","meta":{"footnotes":"","_joinchat":[]},"_links":{"self":[{"href":"https:\/\/frecon.com.ar\/index.php\/wp-json\/wp\/v2\/pages\/4145"}],"collection":[{"href":"https:\/\/frecon.com.ar\/index.php\/wp-json\/wp\/v2\/pages"}],"about":[{"href":"https:\/\/frecon.com.ar\/index.php\/wp-json\/wp\/v2\/types\/page"}],"author":[{"embeddable":true,"href":"https:\/\/frecon.com.ar\/index.php\/wp-json\/wp\/v2\/users\/1"}],"replies":[{"embeddable":true,"href":"https:\/\/frecon.com.ar\/index.php\/wp-json\/wp\/v2\/comments?post=4145"}],"version-history":[{"count":4,"href":"https:\/\/frecon.com.ar\/index.php\/wp-json\/wp\/v2\/pages\/4145\/revisions"}],"predecessor-version":[{"id":4173,"href":"https:\/\/frecon.com.ar\/index.php\/wp-json\/wp\/v2\/pages\/4145\/revisions\/4173"}],"wp:featuredmedia":[{"embeddable":true,"href":"https:\/\/frecon.com.ar\/index.php\/wp-json\/wp\/v2\/media\/3953"}],"wp:attachment":[{"href":"https:\/\/frecon.com.ar\/index.php\/wp-json\/wp\/v2\/media?parent=4145"}],"curies":[{"name":"wp","href":"https:\/\/api.w.org\/{rel}","templated":true}]}}